rue
Is 983659 composite?
False
Is 11536417 a composite number?
False
Is 543076697 a composite number?
True
Is 18603509 a prime number?
False
Is 52650497 a composite number?
False
Is 2911253 a prime number?
False
Is 73155251 a prime number?
False
Is 51859253 composite?
False
Is 9441529 composite?
False
Is 132767567 a composite number?
True
Is 2150039 a composite number?
False
Is 9506857 prime?
True
Is 1787087 a composite number?
False
Is 77420533 composite?
True
Is 10869467 composite?
True
Is 15903599 prime?
False
Is 969735993 a composite number?
True
Is 15023993 prime?
True
Is 12578757 a prime number?
False
Is 254763823 a composite number?
True
Is 472307 prime?
False
Is 17300009 a prime number?
True
Is 47383277 composite?
True
Is 118111663 composite?
True
Is 1451509 a prime number?
True
Is 16397363 composite?
False
Is 16180157 composite?
True
Is 878834771 a prime number?
False
Is 1273593467 composite?
True
Is 2636381 a composite number?
True
Is 356338 composite?
True
Is 3566101433 composite?
False
Is 565800131 a prime number?
False
Is 154632419 prime?
True
Is 186754019 a prime number?
False
Is 19202 a composite number?
True
Is 379103 prime?
True
Is 83698837 prime?
False
Is 30085727 composite?
True
Is 345907067 a prime number?
False
Is 15465319 composite?
False
Is 134728019 a prime number?
True
Is 26751437 a composite number?
False
Is 2563663 a prime number?
False
Is 37854181 a composite number?
False
Is 17629673 composite?
False
Is 68063867 a prime number?
True
Is 1970279 composite?
False
Is 190880587 a composite number?
False
Is 6112951 composite?
True
Is 230563393 composite?
False
Is 54428719 a composite number?
False
Is 401573 a composite number?
True
Is 8664671 prime?
True
Is 11382119 composite?
True
Is 1942151 composite?
False
Is 2231447 a composite number?
False
Is 1095067 prime?
True
Is 332352149 a prime number?
True
Is 3643643 a composite number?
True
Is 874427 composite?
False
Is 1596211 composite?
False
Is 147271 a composite number?
True
Is 28751 composite?
False
Is 1796269 composite?
False
Is 45168779 a composite number?
True
Is 43165753 composite?
False
Is 205641017 prime?
False
Is 13803067 composite?
False
Is 573136363 a prime number?
True
Is 9665827 prime?
True
Is 6491081 prime?
True
Is 72327901 composite?
False
Is 116132537 a prime number?
False
Is 16915471 a prime number?
True
Is 505277 composite?
False
Is 47021707 composite?
False
Is 1883551 prime?
True
Is 5412689 a composite number?
False
Is 248169073 prime?
True
Is 146982191 a prime number?
False
Is 1419611 a prime number?
True
Is 10853771 a composite number?
False
Is 75114931 composite?
True
Is 100669 prime?
True
Is 492905843 a prime number?
True
Is 101911483 prime?
False
Is 235601 a prime number?
True
Is 4190023 a prime number?
True
Is 747763 a composite number?
False
Is 34743827 composite?
True
Is 71500007 prime?
True
Is 4139573 prime?
True
Is 15770189 composite?
True
Is 278027131 a prime number?
False
Is 19027553 composite?
True
Is 1036649 a prime number?
True
Is 1685297 composite?
False
Is 134617 a prime number?
False
Is 25699803 prime?
False
Is 545448803 a composite number?
False
Is 74776643 composite?
True
Is 4765889 a composite number?
True
Is 55445765 composite?
True
Is 23771843 prime?
True
Is 36032119 a prime number?
False
Is 11263279 a composite number?
False
Is 386857357 a composite number?
True
Is 5367239 a composite number?
False
Is 31675361 composite?
False
Is 279408397 composite?
False
Is 39479963 composite?
True
Is 43266737 a composite number?
False
Is 33438359 a composite number?
False
Is 15502721 a composite number?
True
Is 1240938887 a prime number?
False
Is 13642913 prime?
False
Is 18329173 prime?
False
Is 6681589 a prime number?
True
Is 40677905 composite?
True
Is 964927 composite?
False
Is 11965871 prime?
False
Is 404062637 prime?
False
Is 128862599 a composite number?
False
Is 42196519 composite?
False
Is 9316057 a composite number?
False
Is 1043701 composite?
False
Is 71739793 a composite number?
True
Is 3992873 a composite number?
False
Is 1400010569 composite?
False
Is 1242191 composite?
False
Is 187813 prime?
False
Is 11908837 composite?
True
Is 106919039 a composite number?
False
Is 5132397 prime?
False
Is 178876421 a composite number?
False
Is 13522318 a composite number?
True
Is 2766979 composite?
False
Is 1510629 prime?
False
Is 145901363 composite?
True
Is 26295181 a composite number?
True
Is 134327393 a composite number?
True
Is 4533253 a composite number?
False
Is 6271835 a prime number?
False
Is 2979463 a composite number?
False
Is 5409473 composite?
True
Is 15257609 composite?
True
Is 236960863 a prime number?
True
Is 24249907 composite?
True
Is 1064057 a prime number?
False
Is 890837 composite?
True
Is 21164339 composite?
True
Is 36571099 prime?
True
Is 74973169 composite?
True
Is 6338831 a prime number?
True
Is 22221421 prime?
False
Is 939270901 composite?
False
Is 30260326 composite?
True
Is 4151989 prime?
True
Is 1567007 a composite number?
True
Is 6293453 a composite number?
True
Is 20539481 a composite number?
False
Is 138566026 a prime number?
False
Is 7599077 prime?
False
Is 21225179 a composite number?
False
Is 1387667 composite?
False
Is 2122595 composite?
True
Is 2799453 a composite number?
True
Is 189309877 a composite number?
False
Is 199441393 a prime number?
True
Is 4403411 a prime number?
True
Is 6265849 a composite number?
False
Is 6062117 prime?
False
Is 13640207 composite?
True
Is 516021059 composite?
False
Is 3835085 composite?
True
Is 546535767 a composite number?
True
Is 23194543 a prime number?
False
Is 18606881 composite?
True
Is 278935157 a prime number?
True
Is 52554493 prime?
False
Is 43471873 a prime number?
False
Is 57520649 composite?
False
Is 4272139 composite?
False
Is 374880851 a composite number?
False
Is 97560809 composite?
True
Is 140803 a composite number?
True
Is 38431 a prime number?
True
Is 111348971 a composite number?
False
Is 283931213 a prime number?
True
Is 91193257 composite?
True
Is 2013953 prime?
False
Is 75528029 a composite number?
True
Is 41325514 prime?
False
Is 30421 prime?
False
Is 65519 a prime number?
True
Is 2862859 prime?
True
Is 169228173 prime?
False
Is 1052063 a prime number?
True
Is 399920629 a prime number?
True
Is 156928993 composite?
True
Is 2246017 a prime number?
True
Is 32858767 prime?
True
Is 209117539 a prime number?
True
Is 2110949 prime?
True
Is 8378241 prime?
False
Is 4799807 composite?
True
Is 32440021 composite?
True
Is 66126019 prime?
True
Is 135241 a composite number?
False
Is 24692447 composite?
True
Is 3398091 composite?
True
Is 11642621 prime?
True
Is 636011 composite?
True
Is 28910573 prime?
True
Is 1327091 a composite number?
False
Is 1626314 a prime number?
False
Is 184530341 prime?
True
Is 15700661 prime?
True
Is 83752579 a prime number?
False
Is 118456973 composite?
False
Is 13513219 prime?
False
Is 223415 a prime number?
False
Is 3947033 prime?
False
Is 86706691 prime?
False
Is 6575917 a composite number?
False
Is 936121 composite?
True
Is 172288733 composite?
False
Is 151615202 a prime number?
False
Is 16008809 prime?
False
Is 612958 a prime number?
False
Is 125955419 composite?
True
Is 1765277 prime?
True
Is 21920141 a composite number?
False
Is 2383973 a prime number?
False
Is 557519 prime?
True
Is 213557467 composite?
False
Is 33301435 prime?
False
Is 48510983 composite?
False
Is 16446883 composite?
False
Is 4991065 prime?
False
Is 994223 a composite number?
True
Is 196076039 prime?
True
Is 5841811 prime?
False
Is 34808219 prime?
True
Is 9752011 prime?
False
Is 16496383 composite?
False
Is 13495133 prime?
True
Is 57380921 a prime number?
False
Is 5047463 a prime number?
False
Is 39079093 prime?
False
Is 6136987 a composite number?
True
Is 3410851 composite?
False
Is 594887467 a composite number?
False
Is 85524193 composite?
False
Is 15723361 composite?
True
Is 27582713 composite?
True
Is 5351273 a composite number?
True
Is 1165643 a prime number?
True
Is 56572009 prime?
False
Is 24171593 a composite number?
False
Is 2826149545 a prime number?
False
Is 10426541 a prime number?
True
Is 14270821 prime?
True
Is 62335417 prime?
False
Is 12934819 a prime number?
False
Is 6285203 a prime number?
False
Is 1111478 a composite number?
True
Is 10882177 a p